2*a**3 - 2*a**2 - 5*a - 5. Give y(-1).
-14
Let s(p) = 250*p**3 + 2*p + 1. What is s(-1)?
-251
Let u(f) = -f**3 + 5*f**2 + 88*f - 38. What is u(12)?
10
Let u(s) = -117*s**2 - 567*s - 403. Determine u(-4).
-7
Let x(q) = -2*q**2 + 114*q + 1036. Give x(-8).
-4
Let t(l) = l**3 - 11*l**2 + 82*l - 1127. What is t(12)?
1
Let q(o) = -547*o - 3277. What is q(-6)?
5
Let k(s) = 12*s**2 + 126*s - 47. What is k(-11)?
19
Let h(g) = -g**3 - 31*g**2 + 141*g + 50. Determine h(-35).
15
Let r(h) = -2*h**2 - 4762*h + 28643. Give r(6).
-1
Let r(g) = -2*g**3 + 56*g**2 - 53*g + 20. Give r(27).
47
Let q(k) = 9*k**3 + 9*k**2 + 14*k + 34. Calculate q(-3).
-170
Let b(c) = -5*c**3 + 24*c**2 - 105*c + 497. Determine b(5).
-53
Let k(w) = 4*w**2 + 183*w - 59. Give k(-46).
-13
Let c(h) = -1543*h + 7750. Calculate c(5).
35
Let g(j) = -28*j**2 + 163*j - 85. Give g(5).
30
Let q(u) = 2*u**2 + 251*u + 3315. What is q(-15)?
0
Let a(c) = 3*c**3 + 39*c**2 - 33*c + 133. Calculate a(-14).
7
Let s(x) = -5*x**2 + 4*x + 125. Determine s(6).
-31
Let x(o) = -3474*o - 3. Give x(0).
-3
Let k(f) = -9*f**2 + 71*f + 93. Calculate k(9).
3
Let i(m) = -744*m - 162931. Give i(-219).
5
Let z(t) = 4*t**3 + 2*t**2 - 22*t + 48. What is z(2)?
44
Let m(a) = -a**3 - 7*a**2 - 8*a + 12. Give m(-6).
24
Let d(k) = -2*k**3 + 63*k**2 - 31*k - 15. Give d(31).
-15
Let b(r) = 14*r**3 + 30*r**2 - 14*r - 26. Give b(-2).
10
Let w(i) = 2966*i + 17802. Determine w(-6).
6
Let p(s) = -s**3 + 2*s**2 + 16*s + 1. Calculate p(5).
6
Let i(c) = 9*c**2 + 174*c + 63. Determine i(-19).
6
Let a(t) = -21923*t + 87686. Calculate a(4).
-6
Let u(l) = -2*l**2 - 85*l + 557. Calculate u(6).
-25
Let t(x) = -21*x + 127. Calculate t(6).
1
Let u(g) = -15*g**2 + 149*g + 182. Calculate u(11).
6
Let t(l) = -l**3 - 28*l**2 - 154*l + 59. Calculate t(-20).
-61
Let h(z) = 143*z + 1274. What is h(-11)?
-299
Let l(h) = h**3 - 24*h**2 + 3*h - 15. Determine l(24).
57
Let b(s) = -s**2 - 1166*s + 5851. Determine b(5).
-4
Let t(v) = 3*v + 20. What is t(6)?
38
Let r(i) = -3*i**2 + 215*i + 77. Determine r(72).
5
Let f(d) = -12*d**3 - 65*d**2 - 23*d + 11. Calculate f(-5).
1
Let u(c) = -773*c + 143769. Give u(186).
-9
Let y(s) = -s**3 - 13*s**2 - 57*s - 97. Give y(-6).
-7
Let x(l) = -l**3 + 257*l**2 - 14871*l - 204. Give x(169).
-35
Let f(u) = -u**2 + 519*u - 3567. Give f(7).
17
Let m(d) = 30*d**2 + 73*d - 2. Give m(-2).
-28
Let u(f) = -f**3 - 12*f**2 - 7*f + 227. Give u(-8).
27
Let f(w) = 2*w**3 - 34*w**2 + 124*w - 63. Determine f(12).
-15
Let g(o) = o**3 - 40*o**2 + 11*o - 102. Give g(40).
338
Let u(a) = a**3 - 8*a**2 - 3*a + 42. Determine u(6).
-48
Let o(t) = -t**2 - 329*t + 19. Determine o(0).
19
Let r(v) = -142*v - 2442. Give r(-17).
-28
Let u(v) = -2*v**3 - 34*v**2 + 74*v - 41. Give u(-19).
-3
Let y(h) = 2*h**3 + 22*h**2 + 12*h + 127. Determine y(-10).
207
Let m(b) = -4*b - 749. Give m(-72).
-461
Let u(t) = -3*t**2 + 216*t - 1712. What is u(63)?
-11
Let t(a) = a**3 + 37*a**2 + 125*a - 4. What is t(-33)?
227
Let t(x) = 1070*x - 18184. Give t(17).
6
Let x(p) = -4*p**2 - 130*p - 1117. Determine x(-17).
-63
Let w(q) = 340*q + 1258. What is w(-3)?
238
Let o(l) = 12*l**3 - 553*l**2 + 37*l + 424. Determine o(46).
10
Let i(k) = -10*k - 240. Give i(-11).
-130
Let m(a) = 121*a**2 + 475*a - 17. Determine m(-4).
19
Let d(o) = -2*o**2 + 17*o + 68. Determine d(-6).
-106
Let z(h) = -9*h**2 - 634*h + 347. Give z(-71).
-8
Let s(t) = 35*t + 437. What is s(-26)?
-473
Let o(w) = -261*w - 830. Determine o(-2).
-308
Let w(x) = -147*x**3 - 2*x**2 - 4*x - 3. What is w(-1)?
146
Let s(c) = -22*c**3 + 240*c**2 + 21*c + 6. What is s(11)?
-5
Let p(a) = -a**2 + 3109*a + 37456. Determine p(-12).
4
Let j(f) = f + 146. Calculate j(-29).
117
Let o(p) = 67*p**2 + 65*p - 66. Calculate o(1).
66
Let x(g) = g**2 + 25*g + 28. Calculate x(-26).
54
Let u(p) = p**3 - 54*p**2 + 61*p - 436. Give u(53).
-12
Let t(u) = -22337*u - 290377. Give t(-13).
4
Let n(s) = -393*s - 2016. What is n(-5)?
-51
Let b(t) = 16*t**2 + 21*t + 17. Calculate b(-5).
312
Let h(u) = -3*u**2 + 17*u + 4. Give h(5).
14
Let z(f) = f**3 + 3*f**2 - 24*f + 21. Determine z(-7).
-7
Let o(n) = 8*n**2 + 101*n - 439. Give o(-16).
-7
Let g(s) = -4*s**3 + 15*s**2 - 17*s + 6. Determine g(3).
-18
Let i(d) = 60*d + 226. Calculate i(0).
226
Let f(p) = -2*p**3 + 12*p**2 + 5*p + 6. Calculate f(5).
81
Let m(a) = -152*a - 1531. What is m(-10)?
-11
Let o(n) = n**3 + 15*n**2 + 36*n + 232. Calculate o(-11).
320
Let n(b) = 416*b + 1247. What is n(-3)?
-1
Let z(x) = 32*x + 1335. Calculate z(-40).
55
Let l(d) = -15*d**2 + 7*d - 33. Give l(4).
-245
Let v(n) = 4*n**3 - 5*n**2 - 194*n + 199. What is v(1)?
4
Let l(g) = -2*g**3 - 6*g**2 + 35*g - 3. Determine l(-7).
144
Let s(r) = 6*r**3 + 26*r**2 + 3*r - 2. Give s(-4).
18
Let j(h) = -37*h + 1708. Determine j(46).
6
Let r(u) = u**3 + 14*u**2 + 31*u + 28. Give r(-11).
50
Let v(i) = 3*i**3 - 31*i**2 + 23*i + 18. Calculate v(10).
148
Let q(m) = m**3 - 15*m**2 + 5*m - 156. Give q(15).
-81
Let p(y) = y**3 - 13*y**2. Give p(13).
0
Let u(l) = -l**3 + 12*l**2 - 28*l - 18. Determine u(7).
31
Let p(l) = 2*l**2 + 127*l + 1687. Calculate p(-19).
-4
Let v(m) = -10*m**2 + 20*m + 62. Give v(-4).
-178
Let r(u) = -36*u - 2231. Calculate r(-62).
1
Let s(j) = -6*j - 12. What is s(9)?
-66
Let k(g) = -8*g + 25. What is k(-12)?
121
Let m(d) = d**3 - 26*d**2 + 97*d - 3. What is m(5)?
-43
Let j(i) = -2*i**2 + 29*i - 298. Give j(11).
-221
Let p(v) = -1049*v + 20992. Give p(20).
12
Let d(u) = -365*u**3 - 3*u**2 - 6*u - 5. What is d(-1)?
363
Let v(d) = d**2 - 202*d - 2101. What is v(-10)?
19
Let l(o) = 76*o**2 + 10933*o - 1586. What is l(-144)?
-2
Let a(j) = -j**3 - 9*j**2 - 3*j + 9. Calculate a(-10).
139
Let d(m) = m**2 - 6*m - 117. What is d(-9)?
18
Let t(x) = -x**3 - 2*x**2 - 2*x + 1. Calculate t(-2).
5
Let m(g) = 32*g**2 + 2*g + 4. Determine m(-1).
34
Let y(t) = -307*t - 4610. Calculate y(-15).
-5
Let k(x) = -2*x**2 - 24*x + 433. What is k(-27)?
-377
Let s(k) = 103*k - 752. Give s(7).
-31
Let s(v) = 38*v - 681. Give s(18).
3
Let d(o) = -3*o + 183. Determine d(-5).
198
Let s(u) = 2*u**2 + 42*u + 151. What is s(-4)?
15
Let f(z) = -949*z + 34166. Determine f(36).
2
Let u(v) = -4472*v - 84962. What is u(-19)?
6
Let d(n) = 8*n + 1877. What is d(-234)?
5
Let r(v) = -173*v - 4851. Give r(-28).
-7
Let m(y) = 11*y**3 + y**2 + 53*y + 110. Calculate m(-2).
-80
Let m(j) = 38*j - 425. Calculate m(11).
-7
Let p(j) = 552*j + 1115. Give p(-2).
11
Let q(j) = -166*j + 1852. Calculate q(10).
192
Let j(k) = -2087*k + 83482. Determine j(40).
2
Let o(s) = s**3 - 4*s**2 + 351*s - 1414. Calculate o(4).
-10
Let k(c) = 2*c**2 - 128*c - 1476. Give k(-10).
4
Let t(r) = -77*r + 4347. Determine t(62).
-427
Let w(b) = -7*b**2 - 43*b - 19. Determine w(-5).
21
Let c(i) = -1248*i + 7494. Calculate c(6).
6
Let c(g) = -3*g**2 + 13*g + 14. Give c(11).
-206
Let g(u) = 8001*u + 136027. Calculate g(-17).
10
Let g(o) = -9*o**2 - 665*o - 665. Give g(-1).
-9
Let h(w) = -58*w + 71. Determine h(2).
-45
Let o(h) = -h**2 - 63*h - 55. Give o(-61).
67
Let j(o) = -o**3 - 38*o**2 + 424*o - 7. Give j(9).
2
Let x(q) = 18*q**2 + 46*q - 47. Determine x(1).
17
Let m(a) = 192*a - 1541. Calculate m(8).
-5
Let s(o) = 2*o**2 - 156*o - 149. Determine s(79).
9
Let k(u) = u**3 - 42*u**2 + 5. Calculate k(42).
5
Let p(i) = i**3 + 10*i**2 - 18*i + 8. What is p(-12)?
-64
Let u(t) = -t**3 + 48*t**2 - 564*t - 177. Give u(22).
-1
Let m(x) = -x**2 + 49*x - 303. What is m(42)?
-9
Let a(l) = 1234*l + 6188. Give a(-5).
18
Let p(z) = 14*z - 73. Give p(3).
-31
Let v(u) = -u**3 - 30*u**2 + 135*u + 3. What is v(-34)?
37
Let z(b) = -b**3 - 18*b**2 + 16*b - 67. Determine z(-20).
413
Let z(k) = -475*k + 666. Determine z(4).
-1234
Let u(v) = -59*v - 2713. Calculate u(-44).
-117
Let t(y) = -12*y**2 + 439*y - 256. Determine t(36).
-4
Let l(b) = -b**2 - 44*b - 251. Give l(-37).
8
Let h(r) = -45*r**2 + 772*r - 134. Calculate h(17).
-15
Let t(g) = -3*g - 77. Give t(15).
-122
Let v(i) = 14*i**2 - 216*i - 66. Calculate v(16).
62
Let v(g) = -g**3 + 22*g**2 - 36*g + 8. Determine v(20).
88
Let d(u) = -13*u - 84. Give d(0).
-84
Let q(b) = b**3 + 7*b**2 - 54*b + 37. Determine q(4).
-3
Let w(d) = -15*d + 203. Calculate w(18).
-67
Let j(b) = 23*b**3 - 2*b**2 + 1. What is j(2)?
177
Let a(r) = -14*r - 119. Give a(-11).
3